*2. Let h(j) be the third derivative of a(j). What is the tens digit of h(-1)?
5
Let g be 0 - (4 + (-5 - -7)). What is the tens digit of (-2)/(-6) + g/36*-1006?
6
Let o = -3812 + 7145. What is the hundreds digit of o?
3
Let z be (-1)/(0 + (-3)/9). Let b(q) = -20*q - 13. Let r(h) = 221*h + 143. Let a(g) = 65*b(g) + 6*r(g). What is the units digit of a(z)?
1
Let j be 2 + -2 + 3 + 4/(-4). Suppose y + j = 0, 0*y - y = 5*b + 352. Let m = b + 83. What is the tens digit of m?
1
Let c(m) = 3*m + 1. Let g be c(1). Let a(i) = 39*i - 2*i**3 - 43*i - 6 + i**3 + 10*i**2. What is the units digit of a(g)?
4
Let y(p) = p**3 + 6*p**2 + 4*p + 1. Let s be y(-5). Suppose 229 + s = 5*f + 5*q, 2*f = -q + 91. Let v = f - 1. What is the tens digit of v?
4
Let r = -6957 + 12103. What is the thousands digit of r?
5
Let q be -4 - (-5)/(2/2). Let o be (-4)/(-1) + q + -1. Suppose 5*g - 73 = o*g. What is the units digit of g?
3
Let k = 1676 + -380. What is the tens digit of k?
9
Suppose -115*f = -2191916 - 50350 + 377081. What is the hundreds digit of f?
2
Suppose 0 = -5*l + z - 2*z - 3051, -4*z = l + 614. Let g = l + 947. Suppose 0 = -8*x + g + 183. What is the tens digit of x?
6
Suppose 35*p = -21*p + 45752. Let d = 1767 - p. What is the units digit of d?
0
Let r = -359 + 168. Let s = r - -426. What is the tens digit of s?
3
Let v be ((-21)/(-2))/(-3*1/172). Let a = v + 699. What is the tens digit of a?
9
Let w(r) = -7*r + 71. Let j be w(5). Let t = j + 25. What is the units digit of t?
1
Let f(c) = -c**3 + 2*c**2 + 8*c + 1. Let x be f(-2). Let a = x + 17. What is the units digit of a?
8
What is the thousands digit of (-3 - -7) + (-26)/(78/(-56943))?
8
Suppose -5*b = 10, 33*g - 32*g = -b + 1392. What is the hundreds digit of g?
3
Let i(r) = r**3 + 15*r**2 + r + 10. Let k be i(-15). What is the hundreds digit of ((-3)/1 - k) + 15*25?
3
Let w = -40 - -49. Suppose 0 = w*k - 43 - 11. What is the units digit of 9/k*(0 + (-4)/(-6))?
1
Suppose -5*o + 3*a = -583 - 312, 920 = 5*o + 2*a. Suppose -o = -11*t - 3*t. What is the tens digit of t?
1
Let i = 61 + -45. Let w = -20 + i. What is the units digit of (-8)/w + -3 - -82?
1
Let l = 35 - 32. Suppose m = l*m - 10. Suppose -4*i + 335 = -m*j, -4*j + 67 + 43 = i. What is the tens digit of i?
9
What is the ten thousands digit of ((-8235)/(-6) + (0 - 0))*(-70110)/(-3075)?
3
What is the tens digit of 16/((-240)/(-81605)) + 2 + (-21)/9?
4
Suppose -76*i + 718690 = -130990. What is the units digit of i?
0
Suppose -3*d + 2*r + 465 + 256 = 0, -3*r = 3*d - 696. Let f = -133 + d. What is the hundreds digit of f?
1
Let q(k) = 112*k - 61. Suppose -15 = -2*j - j. What is the hundreds digit of q(j)?
4
Let d(m) = m**2 + 3*m + 14. Let v(r) = 3*r - 6*r + 5*r + 13 + r**2. Let t(l) = -3*d(l) + 4*v(l). What is the tens digit of t(-5)?
4
Let v(x) = x**3 + 20*x**2 + 29*x + 130. What is the thousands digit of v(26)?
1
Let g be 50/(-175) - ((-3518)/14 + 0). Let l = 461 - g. Let y = 411 - l. What is the tens digit of y?
0
Let d(b) = b**2 + 18*b + 5. Let r(p) = p**2 + p. Let m(t) = d(t) + 2*r(t). What is the tens digit of m(8)?
5
Suppose 4*r = 2*h - 38938, 38*h - 34*h + 3*r - 77931 = 0. What is the ten thousands digit of h?
1
Suppose 0*n - 20 = -2*n. Suppose -4*y + 90 = 5*p - n, 3*p - 87 = 3*y. What is the units digit of p?
4
Suppose -156 + 186 = 6*b. Suppose -b*u - 2*f = -1402, u + 2*f + 278 = 2*u. What is the hundreds digit of u?
2
Suppose f + 1255 = 3*u - 5, -3*u + 2*f + 1266 = 0. What is the units digit of u?
8
Suppose 0 = 7*t - 3082 - 278. Let a = 700 - t. What is the units digit of a?
0
Let k = 106 + -102. Suppose 6*a - 7*a = 3*b - 511, 4*b - 2028 = -k*a. What is the units digit of a?
5
Let q be (2 + 0)/(28/8596). Suppose 6*j - q - 2530 = 0. What is the hundreds digit of j?
5
Suppose 2*a + 3*j = 59, 2*a + 3*j - 60 = -j. Let r = 120 - 120. Suppose 6*n - 32 - a = r. What is the tens digit of n?
1
Let y(z) = 5*z**3 - 7*z**2 - 35*z + 59. Let l(s) = 2*s**3 - 3*s**2 - 17*s + 31. Let u(m) = -7*l(m) + 3*y(m). What is the hundreds digit of u(9)?
8
Let a be 550/165*(-3)/(-2). What is the hundreds digit of ((-9878)/(-77))/((10/14)/a)?
8
What is the ten thousands digit of -51892*35/(-14)*(-6)/(-38 - -8)?
2
Suppose -20*i = -4*d - 15*i + 33645, 5*d - i - 42030 = 0. What is the hundreds digit of d?
4
Suppose -4*q = -w - 3213, -q + 11*w = 15*w - 782. Suppose 0 = 2*p - 2*o - q, 5*p - 188 = -2*o + 1831. What is the hundreds digit of p?
4
Suppose 1167592 = 170*i - 1353678. What is the tens digit of i?
3
Suppose -d + 7*w = 4*w + 34, 2*w = -4*d - 122. Let h = d - -35. Suppose -2*r = 2*f - 374, 536 = 3*r - h*f + 2*f. What is the tens digit of r?
8
Let l(q) = q**2 - 257*q + 10032. What is the units digit of l(47)?
2
Suppose -205*b = -186*b - 7391. Let n = b + 443. What is the units digit of n?
2
Let m = 13255 - 3567. What is the tens digit of m?
8
Suppose -9*v - 14*v = -8*v. Let f = 63 + 194. Suppose v = -4*h + f - 9. What is the tens digit of h?
6
Let i(q) = 9*q**2 + 72*q + 7. What is the tens digit of i(24)?
1
Let x(k) = 52 + 100*k - 109 + 47. What is the hundreds digit of x(4)?
3
Let p = 1031 - 691. Let n(u) = 2*u**2 - 41*u + 135. Let g be n(4). Suppose -173 = -r - i, 2*r - i = g*i + p. What is the hundreds digit of r?
1
What is the units digit of (13792/6)/((-452)/(-678))?
8
Let v(s) = -s**3 - 47*s**2 + 364*s + 135. What is the hundreds digit of v(-61)?
0
Let b(x) = x**3 + 8*x**2 - x - 4. Let l be b(-8). Let t(k) = 19*k + 13. Let z be t(l). Suppose 0 = 4*f - z + 17. What is the tens digit of f?
1
Let n = -79759 + 135899. What is the ten thousands digit of n?
5
Let z = -44 + 62. Suppose 15*d + 483 = z*d. What is the hundreds digit of d?
1
Let i be (5 - 6)/(3/(-24)). Let u(g) = -7*g + 5. Let b be u(i). Let l = -21 - b. What is the units digit of l?
0
What is the tens digit of ((-49)/(3332/2397))/(5605/5608 + -1)?
9
Let k(m) = 374*m**2 + 66*m - 368. What is the tens digit of k(5)?
1
Suppose -7*n = -168 + 462. What is the hundreds digit of (n - -178) + (-3)/(6/(-8))?
1
Let z be ((-6)/(-2))/(-3) - (3 - 8). Suppose 3*d + 293 = 2*g, z*g - 24*d - 591 = -19*d. What is the units digit of g?
4
Let m(k) = 9*k + 195. Let i be m(-21). Suppose 4526 = i*c - c - b, -2*b - 1812 = -2*c. What is the tens digit of c?
0
Let t = -306 - -94. What is the hundreds digit of ((-1643)/t)/((-93)/(-92) - 1)?
7
Let o(x) be the second derivative of -x**5/20 - 11*x**4/12 - 7*x**3/6 + 12*x**2 - 37*x. Let d be o(-12). Let l = d - 85. What is the units digit of l?
7
Suppose 5*x + 4*a = 217823, -75*a + 80*a + 174283 = 4*x. What is the units digit of x?
7
Let y = 21 - 5. Suppose -5*c - y = -2*u, -3*u - 23 + 1 = 4*c. What is the units digit of 2/(306/75 + c)?
5
Suppose -381*s + 390*s - 126621 = 0. What is the tens digit of s?
6
What is the thousands digit of ((-42)/15 + 3 - 574/(-30))*3399?
5
Suppose 0*t = 5*t + 30. Let s(l) = -47*l**2 + 51*l**2 - 14 + 21 + 8*l. What is the hundreds digit of s(t)?
1
Let m(g) = 6*g**2 - 2*g - 29. Let c be m(9). Suppose -2*v + 5*n = -0*v - c, 0 = 2*n - 6. What is the tens digit of v?
2
Suppose 5*r - 10988 = -3*d, 2*r + 0*r - 5*d - 4420 = 0. What is the units digit of r?
0
Suppose 0 = -23*p - 47*p - 299476 + 1306426. What is the tens digit of p?
8
Let m = 5482 + -1546. What is the hundreds digit of m?
9
Suppose -5*c = -20 - 35. Let h(g) = g**2 - 11*g - 8. Let d be h(c). Let l(i) = -16*i - 41. What is the units digit of l(d)?
7
What is the hundreds digit of ((-14)/10)/(160/(-440800))?
8
Suppose -a + 1464 = -588. Let f = a - 945. What is the units digit of f?
7
Let z = -52 + 57. Suppose z*q - 25 = l, 2*q + q = -5*l - 13. Suppose -i = -v - 2*i + 120, 488 = q*v - 4*i. What is the units digit of v?
1
What is the units digit of (-81)/9 + 3744 - 0/6?
5
Let k(f) = -324*f - 4318. What is the tens digit of k(-60)?
2
Suppose 12*j - 17*j = -1735. Let v = j + 53. What is the tens digit of v?
0
Let k = 37 - 30. Let p(c) = 211*c - 16. Let s be p(k). Suppose -8*u + s = 485. What is the units digit of u?
2
Let v be 702/195*(-10)/(-6). What is the hundreds digit of (-682)/(-6)*(-3 + v)?
3
Suppose 47*o - 46*o = 25*o - 1581648. What is the thousands digit of o?
5
Let b be (-29788)/(-132) - 4/(-3). Suppose 0 = 32*z + b - 1827. What is the tens digit of z?
5
Suppose -4*m + 7145 + 6163 = 2*q, -4*q +